211, -11*f + 10*f + 2*v = -50. Let l = -68 + 133. What is the greatest common divisor of f and l?
13
Suppose -4*j + 1 = 3*k, 10*j - 12*j + 2*k = -18. Suppose 3*s - 2*r = -j*r + 280, 3*r = -s + 105. Calculate the greatest common divisor of s and 18.
18
Suppose -19*j = -24*j. Suppose -2*p + 2 = -j*p. Let d be 20 + (p + 0)/1. What is the highest common divisor of 35 and d?
7
Let a(u) = u**3 + 10*u**2 + 16*u + 20. Let d(m) = 5*m + 7. Let v = 1 + -4. Let f be d(v). Let p be a(f). Calculate the highest common divisor of 10 and p.
10
Suppose -k + 44 = -p - 3*p, -2*k + 5*p = -82. Suppose 200*w - 36967 - 8044 = -5411. What is the highest common divisor of k and w?
18
Suppose 2*k = -l - 16, -5*l + 4*k - 42 + 4 = 0. Let r be l/(-40) + (-139)/(-4). Calculate the greatest common divisor of 35 and r.
35
Let l(y) = 12*y - 2. Let a = 4 - 1. Let v be l(a). Let b = -1118 - -1135. What is the highest common factor of b and v?
17
Let k = 12594 + -8304. What is the greatest common factor of 312 and k?
78
Let o(g) = g**3 - 30*g**2 + 240*g - 32. Let p be o(14). What is the highest common factor of 1200 and p?
48
Suppose -21*d - 15*d - 13*d + 1127 = 0. What is the highest common divisor of d and 5888?
23
Let o(y) = -4*y + 1. Let b be o(-2). Let j be (-8 - -4)/(5 - 6). Suppose 4*c + 39 - 23 = 2*f, 0 = -5*f + j*c + 34. What is the highest common factor of f and b?
3
Suppose 40*u - 47*u = 182. Let l(a) = a**2 + 23*a + 6. Let r be l(u). Calculate the greatest common factor of 56 and r.
28
Let j(f) = 3*f - 23. Let a be j(8). Let y(i) = 7*i**2 + i - 2. Let s be y(a). Calculate the greatest common factor of 27 and s.
3
Let n(m) = 3*m - 9. Let d be n(6). Let w(o) = o**3 - 64*o**2 + 124*o + 225. Let i be w(62). What is the greatest common divisor of d and i?
9
Suppose 41 = 4*a + 8*s - 7*s, 2*s = a - 17. Suppose a*w - 589 = 665. What is the greatest common divisor of 171 and w?
57
Suppose 7*w = 10 + 39. Suppose -w*q + 7 + 21 = 0. Suppose q*i + 4*k - 3*k = 88, -2*i + 44 = -4*k. Calculate the highest common factor of 110 and i.
22
Suppose 0 = 2*n - 8, g - 350 = 5*n. Suppose 0 = -8*w + 6*w - 4*x + 352, 0 = 2*w - 5*x - g. What is the highest common factor of w and 40?
20
Let p be (-582682)/(-23)*4/8. Calculate the highest common factor of 53 and p.
53
Suppose 24*y = 25*y + 35*y - 242316. What is the highest common divisor of 127 and y?
127
Let m(b) = 3*b**2 + 368*b + 4478. Let c be m(-109). Let s = 345 - 57. What is the greatest common factor of c and s?
9
Suppose 35 = o - 50. Let w = 71 - o. Let v be 2*((-4)/w - 216/(-28)). What is the greatest common factor of 16 and v?
16
Let v be (-3)/4 - (97448/32)/13. Let z be (v/10 - -5)*-70. Calculate the greatest common factor of 35 and z.
35
Let s(y) = y**3 - 7*y**2 - 6*y - 6. Let q be s(8). Suppose 1155 = 19*l - 3861. Suppose 7*j - q*j + l = 0. Calculate the greatest common factor of 11 and j.
11
Suppose -h = h + 2*q, -3*q = 12. Suppose 0 = l + 1, -3*n = -h*n + 5*l + 16. Suppose 0 = -n*f + 16*f - 220. What is the highest common factor of f and 396?
44
Let o(l) = l**3 + 7*l**2 - 23*l - 36. Let s be o(-9). Let v(u) = -6*u**3 + 8*u**2 + 27*u + 1. Let d be v(-4). Calculate the greatest common factor of s and d.
9
Suppose -49*f + 700 + 2534 = 0. Calculate the highest common factor of f and 814.
22
Let t(u) = -u**3 - u**2 + 17*u + 26. Let w be t(-8). Suppose -w = -13*b + 2522. What is the highest common divisor of 20 and b?
20
Suppose 5*m - 24 = 1, 4*m = -3*a + 53. Let s = 399 + -354. Let u be (396/(-10))/((-18)/s). What is the highest common divisor of a and u?
11
Suppose 0 = 3*z + 3, -1297 - 1799 = -4*a + 4*z. Calculate the highest common divisor of a and 1.
1
Let d be (9/(-2))/(5/(-30)). Suppose -3 = -5*t + d. Let c = 42 - t. What is the highest common divisor of 144 and c?
36
Let r(z) = -7. Let g(x) = -x - 9. Let p(y) = -3*g(y) + 2*r(y). Let a be p(14). Calculate the highest common factor of a and 10.
5
Let t = 2093 - 1440. Suppose -t = -3*l - 6*h + h, 0 = 4*h + 20. Suppose 5*r + 0*r - 3*q - l = 0, 186 = 4*r - 5*q. What is the greatest common factor of 4 and r?
4
Let g(o) = 5 - 14*o**2 + 3*o**2 + 5*o**2 - o**3 - 5*o. Let a be g(-4). Let m be (a/(-1))/(4/36). Calculate the greatest common factor of m and 7.
7
Let a be (6/4)/((-6)/(-16)). Let f(m) = -54*m + 2538. Let v be f(47). Suppose v = k + a*k - 200. Calculate the highest common divisor of 5 and k.
5
Suppose -2*v = -26*j + 24*j - 190, -3*v + j + 287 = 0. Suppose 44 + 4 = 4*f. What is the greatest common factor of v and f?
12
Let z(s) = -s**3 + 29*s**2 - 322. Let b be z(28). Calculate the greatest common factor of 90 and b.
6
Suppose 0 = -26*g + 26 + 484 + 4586. Calculate the greatest common factor of 1316 and g.
28
Let u(i) = 29*i**2 + 3. Let n be u(-2). Let c = 239 - n. Suppose a = -2, a - 2*a = 3*y - 238. Calculate the highest common divisor of y and c.
40
Suppose -52*c + 55*c + 5*u = 85, 0 = 3*c - 2*u - 50. What is the greatest common divisor of c and 2500?
20
Let r = 650 + -623. What is the greatest common divisor of r and 765?
9
Let w be (-2)/6 + 144/27 + 3. Let i be (-148 - 0)/((-6)/(-9 - -21)). What is the highest common divisor of i and w?
8
Suppose 5*z + 92 = -5*v - 188, 5*v - 168 = 3*z. Let k = z + 78. Suppose 5*x + 3*r = 168, -x - 3*r = 3*x - 135. What is the highest common divisor of x and k?
11
Suppose 8*b - 9*b - 2*u + 16 = 0, 4*u - 6 = -b. Let f be (-117)/(-15)*(-25)/(-3). Calculate the greatest common divisor of b and f.
13
Suppose 0 = 3*j + 4*t - 59, -5*j - 4*t + 77 = -8*t. Let u be 18324/306 - (-2)/j. Calculate the highest common divisor of 540 and u.
60
Let z = -201 - -220. Suppose 0 = -z*i + 2930 + 1554. What is the greatest common divisor of i and 4?
4
Let v be (36/(-14))/((360/(-126))/20). Let b = 318 - -978. Calculate the highest common divisor of v and b.
18
Suppose -617768 = -289*o - 25*o - 62*o. Calculate the greatest common factor of 212 and o.
53
Let k be 6 - (0/(-11))/(0 - 2). Let j be ((-80)/k + -4)*(-6 + -3). Suppose 0 = a + 13*a - 168. What is the greatest common factor of a and j?
12
Let h(i) = 20*i + 105. Let g be h(-5). Suppose 3*u - 19 = -7*n + 6*n, -g*n - 2*u = -121. Calculate the greatest common divisor of 100 and n.
25
Suppose -54*u + 42738 - 21306 = -77388. What is the highest common divisor of 30 and u?
30
Let l be 4/(-72)*4 - 1869/(-27). Suppose 39 = -2*r - l. Let y = -47 - r. What is the highest common divisor of y and 35?
7
Let w(q) = -8*q**3 + 17*q**2 + 97*q - 6. Let k be w(-4). What is the greatest common factor of k and 50?
10
Let p(k) = -82 - 2*k**2 + 2*k**2 + 6*k - 13*k + k**2. Let v be p(15). Calculate the greatest common factor of 836 and v.
38
Let f be 2*(-14)/4 + 51. Suppose -74 = -5*n - 35*o + 39*o, 2*n + 2*o = f. What is the greatest common factor of n and 198?
18
Suppose -462*y + 522*y - 180 = 0. Suppose -4*k = 4*x - 44, 4*k - 4*x - 61 = -9. Calculate the highest common factor of y and k.
3
Let f = 178 + -170. Suppose 1442 = f*p - 742. Calculate the highest common divisor of p and 42.
21
Suppose 480 = 3*o - n, o - 3*o - 5*n + 303 = 0. Suppose 4*v - 5*p - 207 = 0, -93 + 145 = v - p. What is the greatest common divisor of v and o?
53
Suppose -1559*j + 3117*j - 908 = 1556*j. What is the greatest common factor of 24743 and j?
227
Let n(f) = -f**2 + 4*f + 7. Let h be n(4). Let w be 1 + 2 - (h - 3 - 88). What is the highest common divisor of w and 1044?
87
Let g(z) be the third derivative of z**4/2 - 31*z**3/3 - 41*z**2. Let l be g(11). What is the highest common divisor of 20 and l?
10
Suppose 852*w = 796*w + 221088. Calculate the greatest common divisor of 188 and w.
188
Let r(w) = 10*w + 680. Let t be r(-65). What is the greatest common factor of t and 576?
6
Let k = -8351 + 8376. Calculate the greatest common factor of k and 675.
25
Suppose 0 = -77*h + 82*h - 25. Suppose 26 = h*c - d - 229, -15 = 3*d. What is the highest common factor of 10 and c?
10
Suppose 3*c = -3*p + 84, -p - 55 - 1 = -2*c. Suppose 0 = c*t - 27*t - 65. Let h = t - 38. What is the greatest common divisor of 189 and h?
27
Let j be 123/(-6)*126/105*(-50)/3. Calculate the greatest common divisor of j and 82.
82
Suppose 0*k + 2926 = 8*k + 11*k. What is the highest common divisor of 374 and k?
22
Let b(v) = -v**2 - 31*v - 26. Let n(r) = 5*r + 42. Let z be n(-12).